d(f) = -f**3 - 6*f**2 + 6*f - 4. Let s be (2/(-2))/((-2)/(-14)). Give d(s).
3
Let h(x) be the first derivative of -x**5/60 - 7*x**4/24 + 3*x**3/2 + 4*x**2 + 8. Let g(l) be the second derivative of h(l). What is g(-7)?
9
Let n(d) = -5*d - 2*d + 5*d + 4*d. Let t(s) = -s. Let p be t(-10). Let h be (-7 + p)*2/3. Give n(h).
4
Let q(m) = 5 + 18*m + 8 + 0 - 12. What is q(1)?
19
Let p(i) = -4*i**3. Let u = -112 - -119. Suppose 0 = u*j + 65 - 58. What is p(j)?
4
Let r(t) be the second derivative of t**6/720 + t**5/30 - t**4/12 + 16*t**2 - 5*t + 4. Let z(w) be the third derivative of r(w). Calculate z(6).
10
Let j(p) = -2*p + 6 + 3 + 4*p - 4. Calculate j(-4).
-3
Let h(g) = g + g**2 - 2*g**2 + 337 - 337. Calculate h(3).
-6
Suppose -27*b - 2 = -56. Let q(s) = -s**3 - 3*s**2 - s - 2. Let t be q(-3). Let o(c) = 0*c**3 + 0 + 2 + c**3 + c - t - 2*c**2. What is o(b)?
3
Let b(q) be the second derivative of q**5/10 + 11*q**4/12 + 4*q**3/3 + 11*q**2/2 - 561*q. What is b(-5)?
-4
Let k be ((-9)/18)/((-1)/(-4)). Let d(x) = -48 - 5*x + 24 + 22. Calculate d(k).
8
Let g(s) = -24*s + 54. Let f(w) = 4*w - 9. Let h(z) = 13*f(z) + 2*g(z). Give h(-7).
-37
Let c(z) be the third derivative of z**6/120 + z**5/30 - z**4/6 - z**3/2 + 3*z**2. Let a = -245 + 242. Give c(a).
0
Let r(x) be the first derivative of x**3/3 - x**2 - 10. Let n be r(3). Let q(i) = -3*i**3 - 4*i - 2*i**n - i**3 + 8 - 7*i**2 + 5*i**3. Determine q(-6).
-4
Let j(a) = a**3 + 7*a**2 + 9*a - 2. Let l be j(-5). Let k(u) = u - 4. Let w be k(6). Let d(m) = -6*m + 3 + 5*m + w*m. Calculate d(l).
6
Let o = 24 + -19. Suppose 22 = -5*k - o*j - 3, -4*j - 14 = k. Let f(g) = 3*g - 1. Determine f(k).
-7
Suppose 6 = -0*g - 3*g. Let n(z) = 0 - z + 3*z + 2 + 5*z. Give n(g).
-12
Let n(q) = -5*q**3 + 8*q**2 - 9. Let p(t) = 6*t**3 - 9*t**2 + 10. Let d(b) = -5*n(b) - 4*p(b). Give d(4).
5
Let p(y) = 0*y**3 + 491 + 0*y**2 - 8*y**2 + 12*y - 496 - 2*y**3. What is p(-5)?
-15
Suppose 20 = m + 5*v, -17*v + 12*v = 3*m - 30. Let j(t) = -3*t - 5. What is j(m)?
-20
Let o be ((-29)/10 - -3) + 2/(-20). Let p(t) = t - 23. What is p(o)?
-23
Let g(j) = -2*j + 5. Let s(n) = 4*n**2 - n + 2 - 4*n**3 - 7*n**2 + 3*n**3. Let x be s(-3). Suppose -26 = -4*v + 4*z - 2*z, 0 = x*v - z - 25. Calculate g(v).
-3
Suppose 6*n - 12 = 42. Suppose n = w + 3. Let o(p) = 2*p - 6. Calculate o(w).
6
Let r(v) = v**2 + 8*v - 3. Suppose 0*o = 4*o + 36. Let i be r(o). Let f(w) = -5 - w**3 + 6*w + i*w**2 + 0*w**3 - 4*w**2. What is f(4)?
-13
Let p(b) = -3*b - 7. Suppose -1795 = 12*v - 151. Let z = v - -130. What is p(z)?
14
Let y(t) = -5*t - 7. Let h(w) = 6*w + 8. Suppose -28 = -2*g - 5*g. Let s(b) = g*h(b) + 5*y(b). What is s(5)?
-8
Let n(r) be the first derivative of r**6/360 + r**5/40 - r**4/24 - 11*r**3/3 - 29. Let l(q) be the third derivative of n(q). Determine l(-7).
27
Let p(v) = -19*v**3 + 2*v**2 - v - 2. Let b = -12 - -11. Let j be p(b). Let m(s) = -2*s - 3 + j + 2*s - s. Determine m(7).
10
Let j(h) = -12*h - 27. Let m be j(-3). Let b(n) = -n**3 - 12 + 18 - m - 3*n**2. What is b(-3)?
-3
Suppose 16*s = 7*s + 63. Let w(z) = z**2 - 2*z - 40. What is w(s)?
-5
Let o be 0/(0 - (-8)/4). Let l(b) be the first derivative of 3 + o*b + 0*b**2 + 0*b**2 - b**2 + 2*b. Give l(3).
-4
Let d(p) = 2*p**3 - 2*p**2 + 2*p - 3. Let c(f) = -f**2 + f + 22. Let u = -35 + 22. Let z(j) = -j - 8. Let w be z(u). Let o be c(w). Calculate d(o).
9
Let s(a) = -34*a**2 - 3738*a + 32*a**2 + 3741*a - 1. Calculate s(2).
-3
Let g(k) = k + 6. Suppose -4*a + 2*a + y = 7, 11 = -2*a - 3*y. Let r(v) = v + 1. Let m(q) = -2*q - 1. Let b(t) = 2*m(t) + 3*r(t). Let p be b(a). Give g(p).
11
Let v(r) = 16*r**3 + 31*r**2 - 4*r - 26. Let u(p) = 3*p**3 + 6*p**2 - p - 5. Let c be (-3)/2*16/(-12). Let w(j) = c*v(j) - 11*u(j). Determine w(-4).
-9
Let k = 11 - 7. Suppose -3*z - 2*y + 40 = 0, -z + 0*y = k*y - 10. Let d be z*3/18*3. Let o(v) = -v**2 + 7*v + 3. Calculate o(d).
3
Let s(l) be the first derivative of l**6/360 + 7*l**5/120 + l**4/12 - l**3/3 - 3. Let v(o) be the third derivative of s(o). Let q = -167 - -162. What is v(q)?
-8
Let y(d) be the second derivative of -d**5/20 - d**4/4 + d**3/6 - 569*d. What is y(-3)?
-3
Let p = 8 - 10. Let t(k) be the second derivative of k**3 + k**2 + 37*k - 2. Calculate t(p).
-10
Let f(n) = n**2 + 3*n**2 - n**2 - 5 - 6*n**2 + 2*n. Let w(m) = m**2. Let v(p) = -f(p) - 4*w(p). Suppose 0 = -a - 1 - 3. Calculate v(a).
-3
Let m(p) be the third derivative of -p**4/12 - 7*p**3/3 + 21*p**2. Determine m(-6).
-2
Suppose 4*x + 7 - 35 = -5*z, z = -3*x + 10. Let n(c) = -2*c - c**3 - 9 - 14*c**2 + 19*c**2 + 3 + 2. Give n(z).
4
Let y(l) = -l**2 - 8*l - 8. Suppose 24*z - 40 = 29*z. Calculate y(z).
-8
Suppose -51 - 69 = -5*n. Let r = n - 26. Let i(l) = -2*l**2. Calculate i(r).
-8
Let p(q) = -3*q - 2*q + q**2 + 0*q**2. Suppose -191 = 2*t + 3*t - 4*d, 66 = -2*t - d. Let h = -29 - t. Determine p(h).
6
Let m be (4/(-12))/((-2)/36). Let p(i) = -2*i**2 + 20 - m*i - 29 + 3*i**2. Give p(8).
7
Let j(b) be the third derivative of -b**6/120 + b**5/12 - b**4/24 + 4*b**2 + 3. What is j(4)?
12
Let i(m) = 5*m**3 + 9*m**2 - 11*m + 25. Let x(p) = 3*p**3 + 4*p**2 - 5*p + 13. Let n(g) = -4*i(g) + 7*x(g). Let u = 31314 - 31307. Give n(u).
5
Let j(h) = -h**3 + 7*h**2 + 5*h + 6. Suppose -15*z = -11*z + 8, 2*z = -5*y + 36. Calculate j(y).
-18
Let z(l) = -11*l**2 + 79*l - 23 - 80*l + 12*l**2. What is z(0)?
-23
Let j(m) = 9*m. Let u be -4 - 39/(-9) - 20/(-3). Suppose u*r + 0 = 14. Determine j(r).
18
Let n(r) be the third derivative of -5/24*r**4 - 1/360*r**6 + 0*r - 1/2*r**3 - 1/15*r**5 - 8*r**2 + 0. Let i(c) be the first derivative of n(c). Give i(-4).
11
Suppose 0 = 16*j - 7*j - 180. Suppose 2*s + 17 = 3*o + 2, -3*s = -2*o + j. Let v(c) = 2*c + 5. Calculate v(s).
-7
Let f(q) = -2*q + 1. Suppose 16 = 5*b + 51. Let w = 12 + b. Let z = -4 + w. What is f(z)?
-1
Let d(u) = 4*u**3 + 2*u - 4. Let p be d(-2). Let y = 33 + p. Let h(z) = -z + 1. Calculate h(y).
8
Let v(a) = a**2 - 25*a - 494. Let q be v(38). Let k(d) be the third derivative of -1/24*d**4 + 0*d**3 + 0 + 3*d**2 + q*d. Give k(0).
0
Suppose 11*r - 3*y - 21 = 6*r, 0 = 4*r + 2*y - 8. Let i(f) = -12*f + 2. Give i(r).
-34
Let b(p) = 2*p**2 - 11*p - 20. Let m be b(11). Let g = m - 103. Let c(w) = 4*w + 3. What is c(g)?
-5
Let q(w) be the third derivative of 1/60*w**5 - 1/2*w**3 + 1/120*w**6 + 0*w + 0*w**4 + 3*w**2 + 0. Calculate q(0).
-3
Let s(f) = -f**2 + 2*f + 5. Suppose 0 = 4*k + 27 - 103. Let u = k + -16. Suppose 8*r - 20 = u*r. Give s(r).
-3
Let k = 5 + 10. Suppose -s + 12 = -4*g + 4, 4*s + g - k = 0. Let z be (0 + s/(-4))*-4. Let m(v) = -v**2 + 4*v + 1. What is m(z)?
1
Let l(w) = w**2 + 4*w. Let j(t) = 4*t**2 + 10*t + 1. Let o(q) = -2*j(q) + 6*l(q). Calculate o(3).
-8
Let z(n) = -n. Let l be (-20)/(-70) + (-24)/(-14). Let h be -4 + l/(4/6). Determine z(h).
1
Let z(d) be the second derivative of -d**3/2 - 11*d - 6. Let c(b) = -8*b. Let r be c(-1). Suppose -3*o = 2*u + o + 26, 4*o = 4*u - r. Give z(u).
9
Let n(i) = i. Let p(t) = -t**3 + 3*t**2 + 4*t + 5. Let s(z) = -2*n(z) + p(z). What is s(4)?
-3
Suppose 0 = -3*y - d + 2, 5*y + 2*d - 2 = 1. Let r(q) = -153*q + 74*q + 69*q. Calculate r(y).
-10
Let k(w) = w**3 - 2*w**2 + 2*w. Let l be k(0). Suppose -p - 4 + 2 = l. Let y(z) = z + 2. Give y(p).
0
Let d(f) be the third derivative of -11*f**4/24 + f**3/3 - 64*f**2. Let w = 5 - 3. Determine d(w).
-20
Let f(r) = r**2 + 15*r - 12. Let b(x) = -3*x + 2. Let k be b(6). Determine f(k).
4
Let k = 5 + 3. Suppose k = -2*d - 4. Let g(f) be the first derivative of f**2/2 + 5*f - 2. Give g(d).
-1
Let w = 73 + -124. Let k = w - -53. Let b(s) = 3*s - 1. Give b(k).
5
Let i(u) = 38*u - 24. Let o be i(1). Let s(g) = -g**2 + 13*g + 9. What is s(o)?
-5
Let v(d) be the first derivative of -d**3/6 - 21*d**2/2 - 48*d + 48. Let o(s) be the first derivative of v(s). Calculate o(0).
-21
Let s(h) = 1 + 0 + 7*h + 1 - 3*h. Let k be 60/25 - (-6)/10. Determine s(k).
14
Let a(p) = -3 + 2*p + 3*p - 3*p. Let k = -456 - -450. Give a(k).
-15
Suppose 5*w + 2*q - 24 = q, 5*w - 12 = 2*q. Let a(p) = -p**3 + 3*p**2 + 3*p. Give a(w).
-4
Let d(q) = -q**3 + 4*q**2 - 2*q - 1. Suppose -32 = -2*i + 3*n, 3*i - 70 + 21 = 4*n. Let p be -3 + i + 4/2. Let h be 68/p - (-36)/162. Give d(h).
-9
Let u(i) be the first derivativ